der when c(0) is divided by 216?
63
Let o = -3365 - -3828. Calculate the remainder when 1392 is divided by o.
3
Let n(k) be the first derivative of k**4/4 - 8*k**3/3 + 6*k**2 + 11*k + 1. Let c be (14 + -7)*((-6)/(-7) - 0). What is the remainder when n(c) is divided by 5?
1
Let m = -59 - -62. Suppose d = 5*l + 2*d - 111, -l + m*d = -35. Calculate the remainder when l is divided by ((-15)/10 + 3)*2.
2
Let b = 27397 - 27252. Calculate the remainder when 160 is divided by b.
15
Let y be -2 + (-2)/(-1) + 2. Suppose -y*q - 3 = -5, 3*j - 10 = 2*q. Calculate the remainder when 5229/84 - 1/j is divided by 16.
14
Let c(s) = -s**2 - 36*s + 325. What is the remainder when 89 is divided by c(7)?
17
Suppose 5*l + 420 = -9*l. What is the remainder when (l/(-15))/(3/159) is divided by 31?
13
Let n = 4261 + -4231. Calculate the remainder when 610 is divided by n.
10
Suppose -102 = -8*d - 22. Let g(x) = -x**3 - 8*x**2 - 5. Let t be g(-5). Let m = 104 + t. What is the remainder when m is divided by d?
4
Let j(x) = 20*x - 1322. Calculate the remainder when 415 is divided by j(69).
9
Calculate the remainder when (-7287)/694*438/(-63) is divided by 2/1 + 29 + -1.
13
Let f = -108 + 127. Suppose -f*m = -27*m + 1760. What is the remainder when m is divided by 16?
12
Let q = -804 - -807. Suppose -123 = 3*i - 2*o - 592, -q*i = 2*o - 473. Calculate the remainder when i is divided by 14.
3
Suppose 14970 = 117*v - 38609 - 7027. What is the remainder when v is divided by 25?
18
Let s(g) = g**2 + 221. Suppose 0 = 2*r + 3*c - 79, -43*r + 337 = -34*r - 5*c. What is the remainder when s(0) is divided by r?
31
Suppose 4*m + 7*z - 43 = 8*z, -53 = -5*m + 2*z. What is the remainder when 3355 is divided by m?
0
Let j = 4850 - 4773. What is the remainder when 145 is divided by j?
68
Let h be (-6)/(-7) - (-30)/14. Suppose 42 = g + 4*q, -h*q - 17 = -20. Calculate the remainder when 221 is divided by g.
31
Suppose -4*z + 1944 = -4*l, 3*l - 115 = -2*z + 872. Calculate the remainder when z is divided by 147.
48
Let g be (-1865)/(-3) - 90/135. Let y = g - 413. Calculate the remainder when y is divided by 54.
46
What is the remainder when 348 is divided by (45/(-10))/((-1)/2)*3?
24
Let f(s) be the third derivative of -s**4/3 + 113*s**3/3 - 13*s**2 + 6. Calculate the remainder when f(22) is divided by 18.
14
Let y(x) = 20*x**2 + 22*x + 243. What is the remainder when y(-11) is divided by 14?
13
Let r be 20/8*6/5. Let g(v) = -90*v**2 - 4 - 7 - 2*v + v**3 + 97*v**2 + 0*v**r. Calculate the remainder when g(-5) is divided by 13.
10
Suppose -3*l = -2*d + 2120, -1229*d + 1060 = -1228*d - 5*l. Calculate the remainder when d is divided by 179.
165
Let h be (-2)/(-9) - 32/(-18). Suppose 0 = 5*l + h*q - 236, 4*l - 2*q = 42 + 136. Suppose -3*o + 2*o + 89 = 0. Calculate the remainder when o is divided by l.
43
Let o = -312 + 318. Let g = o + 10. Calculate the remainder when 46 is divided by g.
14
Suppose 112 = 4*k - 4*m, -205*k + 203*k - m = -86. Suppose -c + 3*y = -5*c + 9, -31 = -c + 5*y. Let g = c - 3. Calculate the remainder when k is divided by g.
2
Suppose 0 = 3*c + 5*c - 368. Suppose -2*f + c = -2*o, 0 = 4*f + 5*o - 19 - 46. Calculate the remainder when 36 is divided by f.
16
Suppose -3*d - 5*t = -667, d + 0*d - 2*t - 204 = 0. Let w be (176/6)/11*-9. Calculate the remainder when d is divided by ((-124)/(-6))/(w/(-36)).
28
What is the remainder when 2246 is divided by 18/(-15) + 2 - 2920/(-100)?
26
Let z = 403 - 286. Suppose m - z = -81. What is the remainder when 214 is divided by m?
34
Let m(p) = -5*p**3 + 26*p**2 + 5*p - 7. What is the remainder when 10706 is divided by m(5)?
42
Let y = 11 + 17. Calculate the remainder when ((-300930)/14448 - 4/86)/(2/(-16)) is divided by y.
27
Suppose 166 + 41 = -5*y + 14*y. What is the remainder when 127 is divided by y?
12
Suppose -21879 - 33939 = -255*k + 43887. Calculate the remainder when k is divided by 30.
1
Let m(d) = -d. Let l be m(0). Suppose l = -6*z + 5*z + 24. What is the remainder when 72/(-54) + (-832)/(-12) is divided by z?
20
Suppose 992 = 4*v - 60. Let n = -140 + v. What is the remainder when n is divided by 6*1*(12 + 0 + -5)?
39
Let w = -19107 - -19519. What is the remainder when w is divided by 83?
80
Let q(o) = 2*o**3 + 3*o**2 - 5*o + 3. Calculate the remainder when 26/3 + (-8)/12 is divided by q(1).
2
Suppose -13891 - 19589 = -72*t. What is the remainder when 934 is divided by t?
4
Suppose 0 = 7*s - 12 - 3173. Suppose -7*j = -294 - s. Suppose j = -5*y + 332. Calculate the remainder when 177 is divided by y.
42
Suppose 3*h + 3*b + 19 = -17, b + 3 = 0. Calculate the remainder when 286 + ((-12)/9 - 57/h) is divided by 59.
55
Let i = -16916 + 17042. What is the remainder when 442 is divided by i?
64
Let p(v) = -v**3 - 22*v**2 - 25*v + 12. Let m be p(-21). Suppose 102*g - m*g = 228. Calculate the remainder when 188 is divided by g.
36
Let w = 12 - -11. Let g = -2313 - -2364. What is the remainder when g is divided by w?
5
Let t be (-14)/(-6) - (-2)/3. Suppose t*x = 8 + 4. Calculate the remainder when 35 is divided by 30/x*192/80.
17
Suppose -505 - 335 = -84*c. Calculate the remainder when 5768 is divided by c.
8
Let w(m) = -2*m**2 - 2*m. Let n be w(-1). Suppose n = 11*z + z - 36. Calculate the remainder when 15 is divided by z.
0
Let g be 24 + (-4)/28 + 1/7. Suppose -g*w = -31*w + 133. What is the remainder when w is divided by 11?
8
Suppose -3*b - 3*k + 912 = 0, 20*b + 588 = 22*b - 2*k. What is the remainder when b is divided by 61?
55
Let s = 410 - 425. What is the remainder when (-4 - 50/s)/((-6)/927) is divided by 37?
29
Let o = -4718 - -4787. What is the remainder when 766 is divided by o?
7
Let m(w) be the third derivative of w**4/8 + 5*w**3 + 12*w**2. Let o be m(-15). Let u = o + 43. Calculate the remainder when u is divided by 15.
13
Suppose -19*b - 6 = -20*b. Let f be (-1 - (-3 - -1)) + b/6. Suppose -f*w - 36 = -8*w. Calculate the remainder when 23 is divided by w.
5
Let h(g) = -2*g**2 - 50*g + 377. Calculate the remainder when 186 is divided by h(-31).
1
Suppose -40 - 385 = -5*w. Let y be -54 + -4 + 7 + -2. Let f = w + y. Calculate the remainder when f is divided by 11.
10
Calculate the remainder when 1415 is divided by 22/352*-6 + 6054/16.
281
Let o be ((-6)/(-5))/(4/10). Let x(h) = h**3 + o + 0*h**2 + 2*h**2 + 4*h**2. What is the remainder when x(-6) is divided by 1?
0
Suppose 25 = 14*a - 3. Suppose -4 = -2*g, 0 = a*l + 2*g - 157 - 95. Calculate the remainder when l is divided by 34.
22
Let n(q) = 2*q**2 + 92*q + 898. What is the remainder when 176 is divided by n(-12)?
12
Let x(r) = -2*r**2 - 37*r + 558. What is the remainder when 297 is divided by x(-24)?
3
What is the remainder when 346 is divided by -20*(-14)/4*(-10)/(-20)?
31
Suppose 5*d - 27 - 48 = 0. Let c be (-1)/(-2)*-2*(d - 17). Suppose 5*h = -c*h + 126. What is the remainder when 67 is divided by h?
13
Let f(p) = p**2 - 39*p - 146. Calculate the remainder when f(45) is divided by 4.
0
Suppose 4*x + 4*l - 8436 = 0, 2*x - 2*l = -309 + 4547. What is the remainder when x is divided by 700?
14
Let v(s) = 64*s - 245. Let k(i) = 44*i - 164. Let z(g) = -7*k(g) + 5*v(g). Calculate the remainder when z(15) is divided by 44.
15
What is the remainder when 308 is divided by (-37240)/(-504) - (-4)/36?
12
Suppose 3*c + 6*c = 36. Suppose -l + c = -0*l. Calculate the remainder when ((-68)/8)/(l/(-24)) is divided by 13.
12
Suppose -4*l = 5*n - 77, -88*n + l - 56 = -91*n. What is the remainder when 3690 is divided by n?
15
Suppose 469*y - 468*y - 304 = 5*b, -608 = -2*y + 4*b. What is the remainder when y is divided by 34?
32
Suppose -176 = -11*d + 143. Let z(g) = g + 86. Let c = 8 - 8. Calculate the remainder when z(c) is divided by d.
28
Suppose -253 = 5*u - 16*u. Suppose p + 2*c - 7 = 0, -2*c = 4*p - 23 - 5. What is the remainder when u is divided by p?
2
Let j = 347 - 146. What is the remainder when 1398 is divided by j?
192
Let m be 72/7 + 12/(-42). Calculate the remainder when 1120 is divided by (198/10)/(m/(-500)*-15).
64
Let b(p) = p**3 - 21*p**2 + 42*p + 25. Let s be b(19). Suppose -2*v - s = -131. Calculate the remainder when (-3054)/(-36) - 2/(-12) is divided by v.
10
Let i(x) be the first derivative of 2*x**4 + x**3/3 - 3*x**2 + 5*x - 101. Calculate the remainder when 43 is